isor of w and 366?
6
Suppose 7*o - 3*o = 20. Suppose 4*d + o*r - 324 = 0, r = -2*d + 220 - 64. What is the highest common factor of d and 114?
38
Let y(k) = 9*k**3 - 11*k**2 + 238*k - 1182. Let o be y(5). Calculate the greatest common divisor of o and 264.
66
Let u be (-4 + (-28)/(-5))/(1 + 11004/(-11010)). What is the greatest common factor of u and 8?
8
Let d be 14/(-49) - 44/(-7). Let s be (153/(-4))/(d/(-32)). Suppose 7*j = -s + 1233. What is the greatest common factor of j and 21?
21
Let q be (-9)/15 + 1 + 56/10. Suppose -2 = 2*x + q. Let m be 5826/42 + -3 + x/(-14). What is the highest common factor of m and 17?
17
Let q be (-5942)/((-24)/(-18)*-3) + 3/(-6). Calculate the greatest common factor of q and 220.
55
Suppose -5*u + 64 + 56 = 0. Let v = -9 + u. Let p be 118 - (10/v + (-3)/(-9)). Calculate the highest common factor of p and 13.
13
Suppose 3 + 7 = 5*r. Suppose 0 = -r*k + 5*w + 127 + 29, 234 = 3*k - 5*w. Calculate the greatest common divisor of k and 39.
39
Let r = -3746 - -3752. What is the highest common divisor of r and 1230?
6
Suppose -2709 = -18*i + 1179. Let s be -59*(3 - (2 + 0)). Let o be (-5 - s)*(-2)/(-4). Calculate the highest common divisor of i and o.
27
Let c = 23685 + -23666. What is the greatest common factor of c and 36556?
19
Let a(z) = -10*z + 5 - 8 + 41 + 27. Let k be a(-6). Let u(v) = 5*v**2 - v + 3. Let s be u(-2). What is the greatest common divisor of s and k?
25
Let k be (-1 - -4)/((-18)/174*-1). Let c = k + 49. What is the highest common divisor of c and 6?
6
Let l(f) = -6*f**2 - 5*f + 4. Let m be l(4). Let n = -17044 - -16959. Let i = n - m. What is the greatest common factor of 243 and i?
27
Let s(p) = 16*p + 159. Let a be s(-9). Suppose a*r - 1029 + 924 = 0. Let n be 0*1/2 + 7. What is the highest common factor of r and n?
7
Let l(f) = f**3 - 7*f**2 - 9*f - 19. Let d be l(8). Let r be (-558)/d - 8/(-6). What is the highest common factor of 121 and r?
11
Let v(d) = -5*d - 30. Let q be v(-7). Suppose q*s + 2 = -13. Let y be s/(-7) + 1650/70. Calculate the greatest common factor of 12 and y.
12
Suppose -2*l - 198 = -234. Suppose 0 = -a - 5*y + l, 6*a - 12 = a + y. What is the greatest common divisor of a and 2?
1
Suppose 4*b = 16, 5*r + 1044 = r + b. Let o = 351 + r. What is the highest common factor of 26 and o?
13
Suppose 2*y + 4*a - 2854 = 0, -2*y + 3*a - 8*a + 2859 = 0. What is the highest common divisor of y and 436?
109
Suppose 10*a = 42 + 8. Suppose 4*i - 2*i - 8 = 0, a*g - 3*i = -2. Let m be 5 - g - 2 - (-28 - 3). Calculate the highest common factor of m and 8.
8
Suppose -184 = -3*n + 116. Suppose -3*b + o - n = -5*b, -5*o = -4*b + 214. What is the highest common divisor of 85 and b?
17
Suppose 2*y - 180 = -5*r, -4*r + 148 = 2*y - 30. Suppose -b + 969 = 56*b. What is the highest common divisor of y and b?
17
Let k be 2/((-17)/((-1105)/10)) - -3. Suppose 2*c = -c + 411. Let h = c + -57. What is the greatest common factor of k and h?
16
Suppose u + 5*f = 21, -5*u + 3*f + 277 - 116 = 0. Suppose 0 = -4*m - i + 250, -4*i = -2*m - 0*i + 116. Calculate the highest common divisor of m and u.
31
Suppose 3*p = -2*c + 15069, 4*c - 31921 = -3*p - 1780. What is the greatest common divisor of 48 and c?
48
Suppose 20 = -2*m + 3*v + 12, 3*m + v - 10 = 0. Let i be (-1)/(-2)*3*m + 14. What is the highest common factor of 459 and i?
17
Let f = 6715 - 6673. What is the highest common factor of 1434 and f?
6
Suppose -531 - 2469 = -40*a. What is the greatest common divisor of 24 and a?
3
Let r(w) = -792*w + 11976. Let m be r(15). Suppose -l - l = -256. Calculate the greatest common divisor of m and l.
32
Suppose -18*d + 16*d + 14336 = 4*j, d = 3*j - 10757. What is the greatest common factor of 15 and j?
15
Suppose 5*d + 6533 = 258. Let b = d - -1266. Let y be (-99)/((-2)/(-2) + -2). Calculate the greatest common factor of y and b.
11
Let l = 1552 + -1375. What is the highest common divisor of l and 33?
3
Let x be (-23 - -24)*2/(2/449). Suppose -b = -4*q + x - 27, 0 = -4*q + 5*b + 414. Calculate the greatest common factor of q and 371.
53
Suppose 65*y = 413 - 88. What is the greatest common divisor of y and 8?
1
Let p be 58/6*(252/(-12))/7. Let c be 4/24 - p/6. What is the highest common divisor of 85 and c?
5
Suppose 36774 + 18470 = 40*q - 5276. Calculate the highest common factor of q and 623.
89
Suppose 15*g = 17*g + 8, -1120 = -5*i + 5*g. Calculate the greatest common divisor of i and 6556.
44
Suppose -69 + 1 = -17*g. Let w(y) = 29*y - 115. Let c be w(g). Calculate the greatest common divisor of c and 32.
1
Let n(u) = -u**3 - 4*u**2 - 6*u - 2. Let v be n(-2). Suppose -5*g = -4*i + 25, i = -g + v + 2. What is the greatest common factor of 25 and i?
5
Suppose -6 = -11*q + 38. Let z be (8 - -7)/((9/q)/9). Calculate the highest common factor of 260 and z.
20
Let b = 48 + -41. Suppose 116 = b*c + 39. Suppose -f = -0 - c. Calculate the highest common divisor of 121 and f.
11
Suppose l = -3*t - 3 + 4, -2*l + 4*t = -22. Suppose 5*z - 810 = -l*g + 12*g, -z + 5*g = -150. What is the greatest common factor of 15 and z?
15
Let x = 22 + -7. Suppose 0*v = -3*c + 2*v + 178, 245 = 4*c + 5*v. What is the greatest common divisor of x and c?
15
Suppose 3 + 46 = -2*k + 55. What is the highest common factor of k and 921?
3
Suppose 0 = -310*y + 105 + 6405. Suppose 3*j + 2*l = 4*l + 13, 9 = j - 3*l. What is the highest common divisor of y and j?
3
Let q = 20473 + -17569. What is the greatest common divisor of q and 352?
88
Let m(c) = 15*c - 4. Let n be m(4). Let y be (58/8 + 4)*(-16)/(-6). Let v be (1 - y/18)*-36. What is the greatest common divisor of v and n?
8
Let r be 406*(-1)/((-17)/85). What is the greatest common divisor of r and 182?
14
Let p = -301 + 481. Suppose -5*t = 5*t - p. What is the greatest common factor of 48 and t?
6
Let u be (5 + 216/(-56))/(2/7). Let q be 3/(u/(-16)*-4). Calculate the highest common factor of 29 and q.
1
Let p(r) = -16 + 23 + 102 - 2*r - 4 + 3*r. Let z be p(0). Calculate the greatest common divisor of 120 and z.
15
Let m = -22394 + 22420. Calculate the highest common factor of m and 54106.
26
Let f(h) = h**2 + 2*h + 3. Let w be f(-2). Let d be -6 + 19/((-152)/(-80)). Suppose 0 = -w*t + d*t - 2. Calculate the greatest common factor of t and 5.
1
Let f(u) = 4*u + 14. Let n be f(0). Suppose 4*k - n = 2*k. Let t be 84/(-147) + (151/k - 1). What is the highest common factor of t and 30?
10
Suppose 50 = s + 25. Suppose 4*p = -0*m + 4*m - 9604, 5*p = 3*m - 7193. Let o be 2/(-4) - m/(-12). What is the greatest common divisor of s and o?
25
Suppose 0 = -4*l + 5*j - 1 + 15, 6 = 3*j. Let u be l/21 + 2764/28. Let q = -15 + 26. What is the highest common factor of u and q?
11
Suppose -21*a = -23*a + 544. Let i be ((8/(-2))/(-1))/(3/(-6)). Let p = 42 + i. What is the highest common factor of p and a?
34
Let v = 137 + -132. Suppose -97 = -v*c + l, 4*c + 2*l = -l + 70. Calculate the greatest common divisor of 19 and c.
19
Let m be (-51)/(-6) + -6 - 24/16. Calculate the highest common factor of m and 1512.
1
Let m = -13 - -10. Let l(d) = 3*d**2 + 5*d - 3. Let c be l(m). Calculate the highest common divisor of c and 261.
9
Let z be 297/(-22)*(-2 + 0). Suppose 20*u = z*u - 196. What is the highest common factor of u and 182?
14
Suppose 0 = 2*l + 5779 - 6407. What is the highest common divisor of l and 471?
157
Let u = -27 - -66. Suppose -165 = -4*p + 3*h, -2*p + 3*p = 3*h + u. Suppose 0 = -79*b - 95*b + 1025 + 1063. What is the greatest common factor of b and p?
6
Suppose 5*c - 48 + 571 = 3*t, -t - 5*c + 181 = 0. What is the highest common divisor of t and 286?
22
Let q(d) = 2*d**2 - 3*d - 4. Let o be q(-3). Let b(p) = p**2 + 175*p + 5833. Let z be b(-39). What is the greatest common divisor of z and o?
23
Let o = 236 - -110. Let d = 391 - o. What is the greatest common factor of 18 and d?
9
Suppose 32*l - 27166 = 844185 - 93175. What is the highest common divisor of 126 and l?
126
Let w(i) = -6*i**2 - 569*i + 29. Let r be w(-94). Calculate the highest common factor of r and 2.
1
Let a(n) = 2*n**2 - 27*n - 58. Let u be a(16). Let j(h) = h**2 + 2*h + 33. Let x be j(0). Calculate the greatest common factor of x and u.
11
Let m(w) = -w**3 + 18*w**2 + 24*w + 3. Let y be m(19). Suppose -2*g - 46 = -j - 116, -2*j + y = 